 - (5 + 10)) + -1
-6
Evaluate 0 + -2 + -16 + 2 + 8.
-8
What is the value of (5 - 8) + 9 + (-5 - -6)?
7
What is the value of 3 + -9 + 13 - 3?
4
Evaluate 3 + (6 - 5 - 5).
-1
What is 3 + (-4 + 6 - 0 - 4)?
1
Evaluate (1 - (9 + -5)) + -3.
-6
Calculate -2 + -1 - (18 + -5 + -11).
-5
Evaluate 3 + -3 - (4 - (-3 + 7)).
0
Evaluate 1 - (-9 - -12 - 2).
0
What is the value of -2 + (-4 - 0) + 3?
-3
Calculate 308 + -307 - (0 + 1 - -6).
-6
What is the value of 4 + 3 - 1 - 4?
2
Calculate 0 - -3 - ((0 - -9) + -4).
-2
What is the value of -1 + 2 + (23 - 11) + -11?
2
Calculate (-5 - -6 - 6) + -1.
-6
Evaluate -30 + 36 + -1 + -5.
0
Evaluate -2 - (0 - 2) - (30 - 27).
-3
(1 - 7) + -4 + 1
-9
What is the value of (0 - 4) + (6 - (8 + 1))?
-7
What is 2 - (3 - (-2 - -7))?
4
What is the value of -6 + (-3 - (-3 + -3))?
-3
Calculate -12 + 2 - (34 - 41).
-3
Evaluate -14 - (3 + -4 - 7).
-6
Calculate 3 - 5 - 0 - (0 - 4).
2
Evaluate 3 - 6 - -7 - (-1 - -6).
-1
What is the value of -1 - ((-5 - 1) + 8) - -7?
4
What is (8 - (11 - 4)) + (-2 - -2)?
1
Calculate 36 + -32 - (0 + 7).
-3
Evaluate -8 - (-6 - (-13 + 7 - -1)).
-7
What is the value of -1 + 3 - (-1 + -8 + 8)?
3
What is the value of -2 - (-13 + (-3 - -7) - -1)?
6
What is -10 + 0 + 7 - -3?
0
Calculate (1 - 2) + (-6 - 1 - -10).
2
Calculate (1 - 2) + 11 - (111 - 106).
5
2 + (45 - 31) + -8 + 2
10
Calculate (3 - 2 - (2 - -3)) + 8.
4
Calculate (7 - 0) + 8 + -9.
6
Evaluate (-1 - 1) + (-45 - -47).
0
What is 3 - (-3 + 4) - -1?
3
Calculate (17 - 13) + (-2 - -3).
5
What is the value of (2 - 1) + (-5 - (2 + -10))?
4
What is the value of 9 - (-6 + 0 - -21)?
-6
Calculate -6 + (-6 + 3 + 4 - -4).
-1
3 + 3 + -9 - (3 - 2)
-4
What is -5 + 9 + 1 - 8?
-3
What is the value of 3 + (-3 - 3 - -2) - -6?
5
2 + 4 + -6 + (-4 - -8)
4
What is -7 + (1 - (-3 - 0))?
-3
Evaluate (-6 - 1) + -4 + 2.
-9
What is (1 - (1 + 5)) + 5?
0
-3 + -3 - 6 - -10
-2
What is 2 + 3 + -2 + 4 + -7?
0
Evaluate (-8 - 0) + -5 - (-6 - 1).
-6
What is 2 + 5 + -2 + -2 + 0?
3
What is the value of 6 - -5 - (13 - 5)?
3
Evaluate -4 + (1 - 3) - (-1 + 0).
-5
What is the value of 5 + (-5 - 1 - 0) - 0?
-1
Calculate 8 + 7 + -9 + -10.
-4
What is -2 - 4 - (83 + -86)?
-3
What is 3 + -4 + -6 - (-19 - -18)?
-6
Calculate (1 - (2 - -2)) + 5 + -4.
-2
What is 3 + (4 - 4) - -2?
5
7 + -3 + -17 - -7
-6
Evaluate (-1 + 3 - -1) + -2 + 2.
3
Evaluate (-10 - -15) + -5 + -1.
-1
Calculate -2 + 3 + (5 - 1 - 9).
-4
What is the value of 2 - 2 - (-1 + -4 + 1)?
4
Evaluate -1 - (-1 - -4 - 7).
3
What is 7 + (6 - -1) - 9?
5
Evaluate 15 + -4 + -6 + 6 + -6.
5
Calculate -3 + (5 - 3) + 5 - -4.
8
What is (-6 - 0) + (89 - 80)?
3
What is 2 + 0 - (12 + -8)?
-2
Evaluate -2 + 0 - -6 - (6 + 1).
-3
What is (1 - 10) + 10 + -2 + -6?
-7
Evaluate 3 - (2 + (-6 - -2)).
5
What is the value of -2 + -6 + 7 + -10 + 4?
-7
Calculate 9 - 10 - (-1 - (-5 + 0)).
-5
5 - 12 - -9 - (0 - -4)
-2
6 - (-4 - -3 - (-4 - 4))
-1
2 + -6 + (1 - 2)
-5
Calculate -3 + (2 + -5 - -9).
3
What is -10 + 7 + 1 - 0?
-2
-34 + 36 + -3 + -2
-3
What is (0 + 4 + -2 - 3) + 6?
5
What is -3 + (0 - -2) + -13 + 9?
-5
What is the value of 7 + -6 - (5 - 2)?
-2
-1 + -10 + 4 - -1
-6
-17 + 0 + 12 - (-4 - 0)
-1
What is the value of -7 + 1 + (0 - -3)?
-3
Evaluate (-7 - -4) + 4 + -9 - -4.
-4
Evaluate (10 - 5) + -7 - 9.
-11
-3 + (-2 - 3 - -10)
2
5 + -8 + -1 + 3
-1
What is the value of 4 - (-22 + 30 + -2 + 0)?
-2
-7 + 2 + (18 - 12) + -2
-1
18 - 19 - (1 + 1 + -2)
-1
2 + -1 - (-18 + 19)
0
What is -4 + (-1 - (-1 + -1))?
-3
What is -2 - 2 - (-8 + 3)?
1
What is 3 + -3 + (-7 + 2 - -1)?
-4
What is -1 + (3 - (11 - 4))?
-5
What is the value of -4 + (-9 - -17) + -5 + -6?
-7
(10 - 7) + -9 - -4
-2
Calculate 4 + -1 + 15 + -16.
2
0 + -4 + -1 + 2 + 3
0
What is 10 + -3 + (1 - 1) + -4?
3
Evaluate 0 + (-1 - 0 - -1 - -3).
3
Evaluate (-3 + -1 - -4) + -4 - -3.
-1
What is the value of 5 - -1 - (20 + (-4 - 2))?
-8
Calculate (-3 + 0 - -1) + (-157 - -161).
2
Evaluate (-8 + 0 - (1 - 3)) + 0.
-6
Calculate 2 + -4 + (4 + -3 - 7).
-8
Evaluate 4 - (2 + -2) - (4 + -1).
1
Calculate -10 + 6 - (0 + -7 + -2).
5
Evaluate (-6 - -13) + -7 - (11 + -5).
-6
Evaluate -5 + 2 + (-5 - -4 - -4).
0
What is -4 - -1 - (2 - (-2 + 11))?
4
(-3 - -5 - (3 - -2)) + -1
-4
What is the value of 8 + -5 + (4 - 3)?
4
What is the value of (-8 + 2 - -2) + (32 - 29)?
-1
2 + -1 + 282 + -293
-10
What is -12 - (7 + -12 + -4)?
-3
What is the value of -8 - -2 - (2 + -4)?
-4
Calculate -1 + 5 + 7 + (-10 - -4).
5
Evaluate (-3 - 1 - (-2 + 0)) + 2.
0
Calculate 0 + (-3 - -1 - -1).
-1
What is (1 - -1) + 4 + -4 - 6?
-4
Evaluate -1 - 1 - (31 - 29).
-4
Calculate 0 + 0 + 2 + 3.
5
Evaluate 0 - 7 - (-2 + (-7 - -5)).
-3
What is the value of (2 - 1) + (0 - -4) + -7?
-2
What is 6 + 2 + -8 - -3?
3
2 + -3 + -18 + 16
-3
Calculate (4 - 11 - -6) + -1 + -7.
-9
What is the value of 4 - ((9 - 1) + (-3 - 3))?
2
Evaluate (1 - 1 - (-5 - -7)) + 4.
2
Evaluate 2 - ((0 - -2) + -5).
5
Evaluate 1 + -7 + 2 + 3 - -5.
4
-11 - (4 - 8) - -6
-1
Calculate 2 + 2 + -2 - (-4 - -2).
4
Evaluate 3 - (12 + -4 + 0).
-5
2 + 4 + -4 + 0
2
What is -2 - (-4 + 2 - 3 - -7)?
-4
(-2 - (3 + 2)) + 38 + -37
-6
0 + (1 - 1 - (-16 - -14))
2
What is the value of -18 + (2 - -6) + 1?
-9
Evaluate (-3 - -9) + (-9 - (11 - 21)).
7
What is the value of -3 - (-5 + (-6 - -7))?
1
Evaluate -1 - -2 - (-24 - -29).
-4
12 + (1 + -8 - -1)
6
What is -2 + (12 - 20) - -4?
-6
What is the value of -10 - (12 + -7 + 3 - 11)?
-7
Evaluate 3 + -4 - (5 - 11).
5
What is the value of -1 - (7 - (7 - 3) - 1)?
-3
What is the value of 0 + 7 + -9 + 4?
2
Evaluate 13 + (-1 - (14 + -7)).
5
(-3 - (-3 + 6)) + -1
-7
What is -7 + 11 + (-3 - 0) + -5?
-4
Calculate -27 - (-13 - 0) - -11.
-3
Calculate 11 - (11 + (-8 - -8)).
0
(3 + 0 - -11) + -16
-2
Calculate 12 + (-12 - (-16 - -10)).
6
4 + (2 - 9 - -4) - 6
-5
Calculate (183 - 188) + -1 + 0 + 5.
-1
Calculate (8 - ((1 - 4) + 2)) + -3.
6
-28 + 24 - (2 - 16)
10
Calculate 6 - (19 + -1 - 8) - -6.
2
What is the value of 1 + 0 + -1 + -7 + 3?
-4
What is 0 + 1 + (0 - 0)?
1
What is -63 - -58 - (-1 - -3)?
-7
What is (-2 - (2 + -6)) + -3?
-1
What is the value of 4 + -1 + 0 + -5?
-2
Evaluate -3 - (1 + (-2 - 10) + 5).
3
What is (1 - 8) + (-8 - -11) + -2?
-6
What is 8 + -4 - (-5 - -7) - -1?
3
What is 11 + -1 + -6 - (4 + 0)?
0
Evaluate -11 + 9 + -10 + 5 + -3.
-10
What is 4 - (8 - (1 + (3 - -2)))?
2
7 + (-6 - -9) - 5
5
Evaluate -15 + 7 - (0 + -7).
-1
(3 + 2 - (12 + -4)) + 0
-3
What is the value of (4 - (6 - -5)) + 6?
-1
What is the value of -5 - (0 - (-5 + 10))?
0
What is (2 - 2) + (2 - 2) + 0?
0
0 - -1 - ((2 - -1) + -2)
0
What is -7 + -1 - (-113 + 105)?
0
Calculate 8 - (8 + 5) - 0.
-5
Evaluate -20 + 7 + 2 + (0 - -3).
-8
What is the value of -4 - (-8 - -5 - -4)?
-5
Evaluate (-1 - -1) + -3 + 4 + 1.
2
What is -8 - (-10 - -5) - (3 - 1)?
-5
What is -3 - ((-3 - -8) + -3)?
-5
2 - (3 - (-4 + 4))
-1
Calculate (-1 - 0) + 5 + -7 - 3.
-6
What is the value of 5 - (-2 - 6 - -9)?
4
Calculate 13 - (10 + 0 + -2).
5
11 + 0 + (-13 - -2) + 4
4
What is the value of 9 - (5 - (-5 + (6 - -4)))?
9
What is the value of -4 + (-10 - -7) - -4?
-3
Evaluate (3 + 3 - 5) + 3 + 0.
4
What is 4 + -7 + (2 - 2) + 5?
2
Evaluate 45 - 48 - (2 - (10 - 0)).
5
(-7 + 14 - 8) + 7
6
Calculate (-17 - -8) + 4 + 4 + -3.
-4
What is the value of -1 + (8 + -8 - (-1 - 2))?
2
Evaluate 0 - ((0 - -6) + 2).
-8
Evaluate -7 - (8 - 18) - 9.
-6
What is -4 + 2 + -5 + 2?
-5
-5 + (9 - 1) + -3
0
Evaluate -7 - -2 - -3 - (2 - 4).
0
Calculate 3 - (10 + -8 + (1 - 0)).
0
What is -1 + (2 - (5 - 6))?
2
Calculate (4 - (7 - 5)) + 5.
7
What is 0 - (1 + -7) - 8?
-2
(-33 - -29) + (-1 - -7) + 2
4
Calculate 4 + -10 + 1 + 1.
-4
18 + -8 + -9 - -2
3
Calculate (1 - -5 - 3) + (0 - 1).
2
What is the value of -15 + 23 + (2 - 8)?
2
What is the value of 2 - (6 + (-19 - -10))?
5
What is the value of 1 + 9 - (-8 + 8)?
10
12 + (4 - 9) - (12 - 5)
0
What is the value of 2 - (4 - (0 + 5))?
3
What is -2 - (5 - (2 - -6))?
1
What is 2 - (2 + -1 + -4 - -6)?
-1
What is the value of -8 + 2 + 0 - -2?
-4
What is the value of -8 + 6 - 4 - -10?
4
Calculate -7 - (-9 - -10) - 0.
-8
Evaluate 6 - 11 - (2 + 2).
-9
Evaluate 11 + (-3 - (8 + -5)).
5
Evaluate -2 - (2 - (-3 + 5)).
-2
Calculate 1 + ((3 - 1) + 0 - 5).
-2
Evaluate 0 - -6 - (-3 - (-3 - 2)).
4
Calculate -39 + 38 - (-2 + -1 - 2).
4
-11 + 10 + (-1 - -3)
1
Evaluate -9 - (-10 + -3) - 4.
0
